{"id":16,"date":"2016-08-05T16:09:49","date_gmt":"2016-08-05T15:09:49","guid":{"rendered":"http:\/\/domainedelenvol.fr\/?page_id=16"},"modified":"2024-07-26T16:12:43","modified_gmt":"2024-07-26T15:12:43","slug":"liens","status":"publish","type":"page","link":"https:\/\/domainedelenvol.fr\/index.php\/liens\/","title":{"rendered":"Nos partenaires"},"content":{"rendered":"<div id=\"pl-16\" class=\"panel-layout\">\n<div id=\"pg-16-0\" class=\"panel-grid panel-no-style\" data-style=\"{&quot;background_display&quot;:&quot;tile&quot;,&quot;cell_alignment&quot;:&quot;flex-start&quot;}\">\n<div id=\"pgc-16-0-0\" class=\"panel-grid-cell\" data-weight=\"1\">\n<div id=\"panel-16-0-0-0\" class=\"so-panel widget widget_sow-editor panel-first-child panel-last-child\" data-index=\"0\" data-style=\"{&quot;background_display&quot;:&quot;tile&quot;}\" data-label=\"Introduction\">\n<div class=\"so-widget-sow-editor so-widget-sow-editor-base\">\n<div class=\"siteorigin-widget-tinymce textwidget\">\n<p style=\"text-align: center;\">Nos partenaires, coups de coeur, amis, ils partagent la m\u00eame \u00e9thique que nous. Retrouvez certains de nos produits chez eux.<br \/>\nD\u00e9couvrez-les.<\/p>\n<\/div>\n<\/div>\n<\/div>\n<\/div>\n<\/div>\n<div id=\"pg-16-1\" class=\"panel-grid panel-no-style\" data-style=\"{&quot;background_display&quot;:&quot;tile&quot;,&quot;cell_alignment&quot;:&quot;flex-start&quot;}\">\n<div id=\"pgc-16-1-0\" class=\"panel-grid-cell\" data-weight=\"1\">\n<div id=\"panel-16-1-0-0\" class=\"so-panel widget widget_sow-editor panel-first-child\" data-index=\"1\" data-style=\"{&quot;background_display&quot;:&quot;tile&quot;}\">\n<div class=\"so-widget-sow-editor so-widget-sow-editor-base\">\n<div class=\"siteorigin-widget-tinymce textwidget\">\n<h3 style=\"text-align: center;\">Les restaurants en Alsace et un peu plus loin &#8230;<\/h3>\n<\/div>\n<\/div>\n<\/div>\n<div id=\"panel-16-1-0-1\" class=\"so-panel widget widget_sow-editor panel-last-child\" data-index=\"2\" data-style=\"{&quot;padding&quot;:&quot;0px 0px 0px 0px&quot;,&quot;background_display&quot;:&quot;tile&quot;}\" data-label=\"Infos Arpege\">\n<div class=\"panel-widget-style panel-widget-style-for-16-1-0-1\">\n<div class=\"so-widget-sow-editor so-widget-sow-editor-base\">\n<div class=\"siteorigin-widget-tinymce textwidget\">\n<p><span style=\"color: #ff9900;\"><strong><a style=\"color: #ff9900;\" href=\"http:\/\/www.larpegebio.com\/\" target=\"_blank\" rel=\"noopener noreferrer\"><span style=\"color: #ff9900;\">L&rsquo;Arp\u00e8ge restaurant biologique \u00e0 Colmar<\/span><\/a><\/strong><\/span><\/p>\n<p>Le restaurant L&rsquo;Arp\u00e8ge se veut un restaurant biologique et culturel, nich\u00e9 en plein coeur du centre ville de Colmar.<\/p>\n<p><strong><a href=\"https:\/\/www.restaurant-quai21.fr\/\"><span style=\"color: #ff9900;\">Le Quai 21 \u00e0 Colmar<\/span><\/a><\/strong><\/p>\n<p>Le chef Fr\u00e9d\u00e9ric Tagliani aime apporter des touches m\u00e9diterran\u00e9ennes dans ses plats, un clin d\u2019oeil \u00e0 ses origines italiennes.<\/p>\n<p><strong><span style=\"color: #ff9900;\"><a style=\"color: #ff9900;\" href=\"https:\/\/www.lechambard.fr\/fr\/restaurant-gastronomique.html\" target=\"_blank\" rel=\"noopener noreferrer\">Restaurant le Chambard \u00e0 Kayserberg<\/a><\/span><br \/>\n<\/strong><\/p>\n<p>A l\u2019entr\u00e9e de Kaysersberg, d\u00e9couvrez la table du Chambard, restaurant gastronomique \u00e9toil\u00e9. D\u00e9gustez une cuisine inspir\u00e9e et r\u00e9alis\u00e9e par le chef Olivier Nasti.<\/p>\n<p><span style=\"color: #ff9900;\"><strong><a style=\"color: #ff9900;\" href=\"https:\/\/lolivier-munster.com\/\">Restaurant L&rsquo;Olivier \u00e0 Munster<\/a><\/strong><\/span><\/p>\n<p>Une cuisine moderne, simple, dans laquelle les produits frais du march\u00e9 sont joliment travaill\u00e9s et mis en valeur.<\/p>\n<p><strong><span style=\"color: #ff9900;\"><a style=\"color: #ff9900;\" href=\"http:\/\/petitbidon.com\/\" target=\"_blank\" rel=\"noopener noreferrer\">Restaurant au Petit Bidon<\/a><\/span><\/strong><\/p>\n<p><span class=\"Yy0acb\">Adresse familiale et intimiste d\u00e9cor\u00e9e de pots de lait \u00e0 la cuisine fran\u00e7aise cr\u00e9ative, avec cave \u00e0 vins.<\/span><\/p>\n<p><a href=\"https:\/\/aux2sapins.com\/\">Les 2 sapins \u00e0 Xonrupt &#8211; Longemer<\/a><\/p>\n<p>Aux 2 Sapins est une brasserie qui offre une exp\u00e9rience culinaire de qualit\u00e9 \u00e0 ses clients. Situ\u00e9 dans un cadre chaleureux et convivial, le restaurant propose une cuisine savoureuse et inventive.<\/p>\n<p><a href=\"http:\/\/www.hotel-lechapitre.com\">Le chapitre \u00e0 Remirmont\u00a0<\/a><\/p>\n<p>\u00c0 deux pas des pistes de ski et des sentiers de randonn\u00e9e, l\u2019h\u00f4tel offre un emplacement id\u00e9al pour un s\u00e9jour nature, quelle que soit la saison.<\/p>\n<p><a href=\"https:\/\/restaurant-bacove.com\/fr\/\">Restaurant Bacove \u00e0 Saint Omer\u00a0<\/a><\/p>\n<p>Le restaurant Bac\u00f4ve vous accueille \u00e0 Saint-Omer\u00a0au d\u00e9jeuner comme au d\u00eener pour une exp\u00e9rience gastronomique,\u00a0promesse d\u2019un voyage dans l\u2019univers culinaire de Camille Delcroix.<\/p>\n<p>Et\u00a0 bien d&rsquo;autres belles adresses, n&rsquo;h\u00e9sitez pas \u00e0 nous demander conseil &#8230;<\/p>\n<\/div>\n<\/div>\n<\/div>\n<\/div>\n<\/div>\n<\/div>\n<div id=\"pg-16-2\" class=\"panel-grid panel-no-style\" data-style=\"{&quot;background_display&quot;:&quot;tile&quot;,&quot;cell_alignment&quot;:&quot;flex-start&quot;}\">\n<div id=\"pgc-16-2-0\" class=\"panel-grid-cell\" data-weight=\"0.95673059936149\">\n<div id=\"panel-16-2-0-0\" class=\"so-panel widget widget_sow-editor panel-first-child\" data-index=\"3\" data-style=\"{&quot;background_display&quot;:&quot;tile&quot;}\">\n<div class=\"so-widget-sow-editor so-widget-sow-editor-base\">\n<div class=\"siteorigin-widget-tinymce textwidget\">\n<h3 style=\"text-align: center;\">Retrouvez aussi l&rsquo;envol chez nos cavistes<strong><br \/>\n<\/strong><\/h3>\n<\/div>\n<\/div>\n<\/div>\n<div id=\"panel-16-2-0-1\" class=\"so-panel widget widget_sow-editor panel-last-child\" data-index=\"4\" data-style=\"{&quot;background_image_attachment&quot;:false,&quot;background_display&quot;:&quot;tile&quot;}\">\n<div class=\"so-widget-sow-editor so-widget-sow-editor-base\">\n<div class=\"siteorigin-widget-tinymce textwidget\">\n<p><strong>En Corr\u00e8ze<\/strong><\/p>\n<p>Cave du Pic Vert \u00e0 Brive la Gaillarde<\/p>\n<p><strong>En Gironde<\/strong><\/p>\n<p>Cave Saint Vincent \u00e0 la Teste de Buch<\/p>\n<p><strong>En Haute Garonne<\/strong><\/p>\n<p>Chai Vincent \u00e0 Mondonville<\/p>\n<p>Des bouchons \u00e0 Toulouse<\/p>\n<p>La cave \u00e0 lier \u00e0 Mondonville<\/p>\n<p>Les passionn\u00e9s \u00e0 Toulouse<\/p>\n<p>L&rsquo;accord parfait \u00e0 Lavaur<\/p>\n<p>Une notre de vin \u00e0 Nailloux<\/p>\n<p>Vins et terroirs \u00e0 Saint Orens de Gameville<\/p>\n<p>L&rsquo;univers des vins et saveurs \u00e0 Toulouse<\/p>\n<p>La place des vins \u00e0 Montrabe<\/p>\n<p><strong>Dans le Gard<\/strong><\/p>\n<p>Le caveau de la m\u00e8re Minard \u00e0 Saint Quentin de la Poterie<\/p>\n<p><strong>Dans le Grand Est<\/strong><\/p>\n<p>Hopla Vins \u00e0 Munster<\/p>\n<p>Un Cantalou \u00e0 Strasbourg<\/p>\n<p>Oenosph\u00e8re \u00e0 Strasbourg<\/p>\n<p>Nous sommes n\u00e9s en Alsace \u00e0 Kaysersberg<\/p>\n<p>La verri\u00e8re \u00e0 Colmen<\/p>\n<p>Jus de la vigne \u00e0 Osthoffen<\/p>\n<p><strong>En Indre et Loire<\/strong><\/p>\n<p>Au lieu dit Vin \u00e0 Tours<\/p>\n<p>22 sur vins \u00e0 Tours<\/p>\n<p><strong>En Normandie<\/strong><\/p>\n<p>La cave de Bacchus \u00e0 Rouen<\/p>\n<p><strong>En Seine Maritime<\/strong><\/p>\n<p>La feuille de vigne Bacaretto au Havre<\/p>\n<p>Veules Ap\u00e9ro \u00e0 Veules les Roses<\/p>\n<p>Au petit canon caviste itin\u00e9rant \u00e0 Fontaine le Dun<\/p>\n<p><strong>Jura<\/strong><\/p>\n<p>Glouglou Market aux Rousses<\/p>\n<p><strong>Haute Savoie<\/strong><\/p>\n<p>Les vins c\u00e9lestes &#8211; caviste itin\u00e9rant \u00e0 Annecy le Vieux<\/p>\n<p>La nature du vin \u00e0 St Julien en Genevois<\/p>\n<p>Le nez en l&rsquo;ai \u00e0 Samo\u00ebns<\/p>\n<p><strong>Yvelines<\/strong><\/p>\n<p><span class=\"d2edcug0 hpfvmrgz qv66sw1b c1et5uql rrkovp55 a8c37x1j keod5gw0 nxhoafnm aigsh9s9 d3f4x2em fe6kdd0r mau55g9w c8b282yb iv3no6db jq4qci2q a3bd9o3v knj5qynh oo9gr5id\" dir=\"auto\">El Cortador <\/span><span class=\"d2edcug0 hpfvmrgz qv66sw1b c1et5uql rrkovp55 a8c37x1j keod5gw0 nxhoafnm aigsh9s9 d3f4x2em fe6kdd0r mau55g9w c8b282yb iv3no6db jq4qci2q a3bd9o3v knj5qynh oo9gr5id\" dir=\"auto\">\u00e0 Saint-Germain-en-Laye<br \/>\n<\/span><\/p>\n<p><strong>A Paris<\/strong><\/p>\n<p>Le sourire au pied de l&rsquo;\u00e9chelle, 11\u00e8me arrondissement<\/p>\n<p>Levain le vin, 10\u00e8me arrondissement<\/p>\n<p>L&rsquo;\u00e9picerie, 10\u00e8me arrondissement<\/p>\n<p>Aux vins vivants, 17\u00e8me arrondissement , 15\u00e8me arrondissement et 9\u00e8me arrondissement<\/p>\n<p>Au vins vivants <span class=\"tojvnm2t a6sixzi8 abs2jz4q a8s20v7p t1p8iaqh k5wvi7nf q3lfd5jv pk4s997a bipmatt0 cebpdrjk qowsmv63 owwhemhu dp1hu0rb dhp61c6y iyyx5f41\">93500 Pantin<\/span><\/p>\n<p>Le 38 gourmet, 18\u00e8me arrondissement<\/p>\n<p><strong>Loire-Atlantique<\/strong><\/p>\n<p>Maison Jaja \u00e0 Nantes<\/p>\n<p>Les Carm\u00e9lites \u00e0 Nantes<\/p>\n<p>La Broceliande \u00e0 Nantes<\/p>\n<p>Granite cave \u00e0 Clisson<\/p>\n<p>Soif de terroir \u00e0 Durtal<\/p>\n<p><strong>Vend\u00e9e<\/strong><\/p>\n<p>Le chai de copains \u00e0 Saint de Monts<\/p>\n<p>La cave se rebiffe Les Sables d&rsquo;Olonne<\/p>\n<p><span style=\"color: #333333;\"><b>Bretagne<\/b><\/span><\/p>\n<p>Cave a cantina \u00e0 Pace<\/p>\n<p>L\u2019Amp\u00e9lographe \u00e0 Auray<\/p>\n<p>Un carnet de vins \u00e0 Lorrient<\/p>\n<p>Briac et Bacchus \u00e0 Saint Briac Sur Merc<\/p>\n<\/div>\n<\/div>\n<\/div>\n<\/div>\n<div id=\"pgc-16-2-1\" class=\"panel-grid-cell\" data-weight=\"0.043269400638512\">\n<div id=\"panel-16-2-1-0\" class=\"so-panel widget widget_sow-editor panel-first-child panel-last-child\" data-index=\"5\" data-style=\"{&quot;background_display&quot;:&quot;tile&quot;}\">\n<div class=\"so-widget-sow-editor so-widget-sow-editor-base\">\n<div class=\"siteorigin-widget-tinymce textwidget\"><\/div>\n<\/div>\n<\/div>\n<\/div>\n<\/div>\n<div id=\"pg-16-3\" class=\"panel-grid panel-no-style\" data-style=\"{&quot;background_display&quot;:&quot;tile&quot;,&quot;cell_alignment&quot;:&quot;flex-start&quot;}\">\n<div id=\"pgc-16-3-0\" class=\"panel-grid-cell panel-grid-cell-empty panel-grid-cell-mobile-last\" data-weight=\"0.97808441558442\"><\/div>\n<div id=\"pgc-16-3-1\" class=\"panel-grid-cell panel-grid-cell-empty\" data-weight=\"0.021915584415584\"><\/div>\n<\/div>\n<\/div>\n","protected":false},"excerpt":{"rendered":"<p>Nos partenaires, coups de coeur, amis, ils partagent la m\u00eame \u00e9thique que nous. Retrouvez certains de nos produits chez eux. D\u00e9couvrez-les. Les restaurants en Alsace et un peu plus loin &#8230; L&rsquo;Arp\u00e8ge restaurant biologique&#46;&#46;&#46;<\/p>\n","protected":false},"author":1,"featured_media":0,"parent":0,"menu_order":0,"comment_status":"closed","ping_status":"closed","template":"","meta":{"footnotes":""},"yoast_head":"<!-- This site is optimized with the Yoast SEO plugin v21.5 - https:\/\/yoast.com\/wordpress\/plugins\/seo\/ -->\n<title>Partenaires - Vins Bio d&#039;Alsace - Domaine de l&#039;Envol<\/title>\n<meta name=\"description\" content=\"Nos partenaires, coups de coeur, amis, voisins, ils partagent la m\u00eame \u00e9thique que nous. Restaurateurs, cavistes, viticulteurs, boutiques - D\u00e9couvrez-les.\" \/>\n<meta name=\"robots\" content=\"index, follow, max-snippet:-1, max-image-preview:large, max-video-preview:-1\" \/>\n<link rel=\"canonical\" href=\"https:\/\/domainedelenvol.fr\/index.php\/liens\/\" \/>\n<meta property=\"og:locale\" content=\"fr_FR\" \/>\n<meta property=\"og:type\" content=\"article\" \/>\n<meta property=\"og:title\" content=\"Partenaires - Vins Bio d&#039;Alsace - Domaine de l&#039;Envol\" \/>\n<meta property=\"og:description\" content=\"Nos partenaires, coups de coeur, amis, voisins, ils partagent la m\u00eame \u00e9thique que nous. Restaurateurs, cavistes, viticulteurs, boutiques - D\u00e9couvrez-les.\" \/>\n<meta property=\"og:url\" content=\"https:\/\/domainedelenvol.fr\/index.php\/liens\/\" \/>\n<meta property=\"og:site_name\" content=\"Domaine De l&#039;Envol - Vins d&#039;Alsace\" \/>\n<meta property=\"article:modified_time\" content=\"2024-07-26T15:12:43+00:00\" \/>\n<meta name=\"twitter:card\" content=\"summary_large_image\" \/>\n<meta name=\"twitter:label1\" content=\"Dur\u00e9e de lecture estim\u00e9e\" \/>\n\t<meta name=\"twitter:data1\" content=\"3 minutes\" \/>\n<script type=\"application\/ld+json\" class=\"yoast-schema-graph\">{\"@context\":\"https:\/\/schema.org\",\"@graph\":[{\"@type\":\"WebPage\",\"@id\":\"https:\/\/domainedelenvol.fr\/index.php\/liens\/\",\"url\":\"https:\/\/domainedelenvol.fr\/index.php\/liens\/\",\"name\":\"Partenaires - Vins Bio d'Alsace - Domaine de l'Envol\",\"isPartOf\":{\"@id\":\"https:\/\/domainedelenvol.fr\/#website\"},\"datePublished\":\"2016-08-05T15:09:49+00:00\",\"dateModified\":\"2024-07-26T15:12:43+00:00\",\"description\":\"Nos partenaires, coups de coeur, amis, voisins, ils partagent la m\u00eame \u00e9thique que nous. Restaurateurs, cavistes, viticulteurs, boutiques - D\u00e9couvrez-les.\",\"breadcrumb\":{\"@id\":\"https:\/\/domainedelenvol.fr\/index.php\/liens\/#breadcrumb\"},\"inLanguage\":\"fr-FR\",\"potentialAction\":[{\"@type\":\"ReadAction\",\"target\":[\"https:\/\/domainedelenvol.fr\/index.php\/liens\/\"]}]},{\"@type\":\"BreadcrumbList\",\"@id\":\"https:\/\/domainedelenvol.fr\/index.php\/liens\/#breadcrumb\",\"itemListElement\":[{\"@type\":\"ListItem\",\"position\":1,\"name\":\"Accueil\",\"item\":\"https:\/\/domainedelenvol.fr\/\"},{\"@type\":\"ListItem\",\"position\":2,\"name\":\"Nos partenaires\"}]},{\"@type\":\"WebSite\",\"@id\":\"https:\/\/domainedelenvol.fr\/#website\",\"url\":\"https:\/\/domainedelenvol.fr\/\",\"name\":\"Domaine De l&#039;Envol - Vins d&#039;Alsace\",\"description\":\"\",\"publisher\":{\"@id\":\"https:\/\/domainedelenvol.fr\/#organization\"},\"potentialAction\":[{\"@type\":\"SearchAction\",\"target\":{\"@type\":\"EntryPoint\",\"urlTemplate\":\"https:\/\/domainedelenvol.fr\/?s={search_term_string}\"},\"query-input\":\"required name=search_term_string\"}],\"inLanguage\":\"fr-FR\"},{\"@type\":\"Organization\",\"@id\":\"https:\/\/domainedelenvol.fr\/#organization\",\"name\":\"Domaine de l'Envol\",\"url\":\"https:\/\/domainedelenvol.fr\/\",\"logo\":{\"@type\":\"ImageObject\",\"inLanguage\":\"fr-FR\",\"@id\":\"https:\/\/domainedelenvol.fr\/#\/schema\/logo\/image\/\",\"url\":\"https:\/\/domainedelenvol.fr\/wp-content\/uploads\/2017\/04\/cropped-Domaine-de-lEnvol-logo-2.png\",\"contentUrl\":\"https:\/\/domainedelenvol.fr\/wp-content\/uploads\/2017\/04\/cropped-Domaine-de-lEnvol-logo-2.png\",\"width\":1450,\"height\":864,\"caption\":\"Domaine de l'Envol\"},\"image\":{\"@id\":\"https:\/\/domainedelenvol.fr\/#\/schema\/logo\/image\/\"}}]}<\/script>\n<!-- \/ Yoast SEO plugin. -->","yoast_head_json":{"title":"Partenaires - Vins Bio d'Alsace - Domaine de l'Envol","description":"Nos partenaires, coups de coeur, amis, voisins, ils partagent la m\u00eame \u00e9thique que nous. Restaurateurs, cavistes, viticulteurs, boutiques - D\u00e9couvrez-les.","robots":{"index":"index","follow":"follow","max-snippet":"max-snippet:-1","max-image-preview":"max-image-preview:large","max-video-preview":"max-video-preview:-1"},"canonical":"https:\/\/domainedelenvol.fr\/index.php\/liens\/","og_locale":"fr_FR","og_type":"article","og_title":"Partenaires - Vins Bio d'Alsace - Domaine de l'Envol","og_description":"Nos partenaires, coups de coeur, amis, voisins, ils partagent la m\u00eame \u00e9thique que nous. Restaurateurs, cavistes, viticulteurs, boutiques - D\u00e9couvrez-les.","og_url":"https:\/\/domainedelenvol.fr\/index.php\/liens\/","og_site_name":"Domaine De l&#039;Envol - Vins d&#039;Alsace","article_modified_time":"2024-07-26T15:12:43+00:00","twitter_card":"summary_large_image","twitter_misc":{"Dur\u00e9e de lecture estim\u00e9e":"3 minutes"},"schema":{"@context":"https:\/\/schema.org","@graph":[{"@type":"WebPage","@id":"https:\/\/domainedelenvol.fr\/index.php\/liens\/","url":"https:\/\/domainedelenvol.fr\/index.php\/liens\/","name":"Partenaires - Vins Bio d'Alsace - Domaine de l'Envol","isPartOf":{"@id":"https:\/\/domainedelenvol.fr\/#website"},"datePublished":"2016-08-05T15:09:49+00:00","dateModified":"2024-07-26T15:12:43+00:00","description":"Nos partenaires, coups de coeur, amis, voisins, ils partagent la m\u00eame \u00e9thique que nous. Restaurateurs, cavistes, viticulteurs, boutiques - D\u00e9couvrez-les.","breadcrumb":{"@id":"https:\/\/domainedelenvol.fr\/index.php\/liens\/#breadcrumb"},"inLanguage":"fr-FR","potentialAction":[{"@type":"ReadAction","target":["https:\/\/domainedelenvol.fr\/index.php\/liens\/"]}]},{"@type":"BreadcrumbList","@id":"https:\/\/domainedelenvol.fr\/index.php\/liens\/#breadcrumb","itemListElement":[{"@type":"ListItem","position":1,"name":"Accueil","item":"https:\/\/domainedelenvol.fr\/"},{"@type":"ListItem","position":2,"name":"Nos partenaires"}]},{"@type":"WebSite","@id":"https:\/\/domainedelenvol.fr\/#website","url":"https:\/\/domainedelenvol.fr\/","name":"Domaine De l&#039;Envol - Vins d&#039;Alsace","description":"","publisher":{"@id":"https:\/\/domainedelenvol.fr\/#organization"},"potentialAction":[{"@type":"SearchAction","target":{"@type":"EntryPoint","urlTemplate":"https:\/\/domainedelenvol.fr\/?s={search_term_string}"},"query-input":"required name=search_term_string"}],"inLanguage":"fr-FR"},{"@type":"Organization","@id":"https:\/\/domainedelenvol.fr\/#organization","name":"Domaine de l'Envol","url":"https:\/\/domainedelenvol.fr\/","logo":{"@type":"ImageObject","inLanguage":"fr-FR","@id":"https:\/\/domainedelenvol.fr\/#\/schema\/logo\/image\/","url":"https:\/\/domainedelenvol.fr\/wp-content\/uploads\/2017\/04\/cropped-Domaine-de-lEnvol-logo-2.png","contentUrl":"https:\/\/domainedelenvol.fr\/wp-content\/uploads\/2017\/04\/cropped-Domaine-de-lEnvol-logo-2.png","width":1450,"height":864,"caption":"Domaine de l'Envol"},"image":{"@id":"https:\/\/domainedelenvol.fr\/#\/schema\/logo\/image\/"}}]}},"_links":{"self":[{"href":"https:\/\/domainedelenvol.fr\/index.php\/wp-json\/wp\/v2\/pages\/16"}],"collection":[{"href":"https:\/\/domainedelenvol.fr\/index.php\/wp-json\/wp\/v2\/pages"}],"about":[{"href":"https:\/\/domainedelenvol.fr\/index.php\/wp-json\/wp\/v2\/types\/page"}],"author":[{"embeddable":true,"href":"https:\/\/domainedelenvol.fr\/index.php\/wp-json\/wp\/v2\/users\/1"}],"replies":[{"embeddable":true,"href":"https:\/\/domainedelenvol.fr\/index.php\/wp-json\/wp\/v2\/comments?post=16"}],"version-history":[{"count":177,"href":"https:\/\/domainedelenvol.fr\/index.php\/wp-json\/wp\/v2\/pages\/16\/revisions"}],"predecessor-version":[{"id":2302,"href":"https:\/\/domainedelenvol.fr\/index.php\/wp-json\/wp\/v2\/pages\/16\/revisions\/2302"}],"wp:attachment":[{"href":"https:\/\/domainedelenvol.fr\/index.php\/wp-json\/wp\/v2\/media?parent=16"}],"curies":[{"name":"wp","href":"https:\/\/api.w.org\/{rel}","templated":true}]}}