{"id":14,"date":"2016-08-05T16:09:41","date_gmt":"2016-08-05T15:09:41","guid":{"rendered":"http:\/\/domainedelenvol.fr\/?page_id=14"},"modified":"2026-04-10T14:40:24","modified_gmt":"2026-04-10T13:40:24","slug":"contact","status":"publish","type":"page","link":"https:\/\/domainedelenvol.fr\/index.php\/contact\/","title":{"rendered":"Nous contacter"},"content":{"rendered":"\n<div data-wp-interactive=\"\" class=\"wp-block-file\"><object data-wp-bind--hidden=\"!selectors.core.file.hasPdfPreview\" hidden class=\"wp-block-file__embed\" data=\"http:\/\/domainedelenvol.fr\/wp-content\/uploads\/2026\/04\/Bon-de-commande-26.particulier_10.04.26.pdf\" type=\"application\/pdf\" style=\"width:100%;height:600px\" aria-label=\"Contenu embarqu\u00e9 Bon de commande 26.particulier_10.04.26.\"><\/object><a id=\"wp-block-file--media-01dbbec7-a28e-48c2-80fa-cf769f5affc3\" href=\"http:\/\/domainedelenvol.fr\/wp-content\/uploads\/2026\/04\/Bon-de-commande-26.particulier_10.04.26.pdf\">Bon de commande 26.particulier_10.04.26<\/a><a href=\"http:\/\/domainedelenvol.fr\/wp-content\/uploads\/2026\/04\/Bon-de-commande-26.particulier_10.04.26.pdf\" class=\"wp-block-file__button wp-element-button\" download aria-describedby=\"wp-block-file--media-01dbbec7-a28e-48c2-80fa-cf769f5affc3\">T\u00e9l\u00e9charger<\/a><\/div>\n\n\n<p><!-- \/wp:file --><\/p>\n<div id=\"pl-14\" class=\"panel-layout\">\n<div id=\"pg-14-0\" class=\"panel-grid panel-no-style\" data-style=\"{&quot;background_display&quot;:&quot;tile&quot;,&quot;cell_alignment&quot;:&quot;flex-start&quot;}\">\n<div id=\"pgc-14-0-0\" class=\"panel-grid-cell\" data-weight=\"1\">\n<div id=\"panel-14-0-0-0\" class=\"so-panel widget widget_sow-editor panel-first-child panel-last-child\" data-index=\"0\" data-style=\"{&quot;background_display&quot;:&quot;tile&quot;}\">\n<div class=\"so-widget-sow-editor so-widget-sow-editor-base\">\n<div class=\"siteorigin-widget-tinymce textwidget\">\n<h2>Coordonn\u00e9es et contact<\/h2>\n<p><span style=\"color: #ffcc00;\"><strong>Accueil et d\u00e9gustation<\/strong><\/span><\/p>\n<\/div>\n<\/div>\n<\/div>\n<\/div>\n<\/div>\n<div id=\"pg-14-1\" class=\"panel-grid panel-no-style\" data-style=\"{&quot;background_display&quot;:&quot;tile&quot;,&quot;cell_alignment&quot;:&quot;flex-start&quot;}\">\n<div id=\"pgc-14-1-0\" class=\"panel-grid-cell\" data-weight=\"0.38638340343128\">\n<div id=\"panel-14-1-0-0\" class=\"so-panel widget widget_sow-editor panel-first-child panel-last-child\" data-index=\"1\" data-style=\"{&quot;padding&quot;:&quot;120px 0px 0px 0px&quot;,&quot;background_display&quot;:&quot;tile&quot;}\">\n<div class=\"panel-widget-style panel-widget-style-for-14-1-0-0\">\n<div class=\"so-widget-sow-editor so-widget-sow-editor-base\">\n<div class=\"siteorigin-widget-tinymce textwidget\">\n<p>Du lundi au vendredi de 8h30 \u00e0 11h45 et de 13h30 \u00e0 18h<\/p>\n<p>Le samedi de 10h \u00e0 12h et de 14h00 \u00e0 17h30<\/p>\n<p><strong>Domaine de l&rsquo;Envol<\/strong><\/p>\n<p>Chemin Mattensteinweg<br \/>68040 Ingersheim<br \/><a href=\"mailto:contact@domainedelenvol.fr\">contact@domainedelenvol.fr<\/a><\/p>\n<p>T\u00e9l\u00e9phone: 0033 (0) 6.01.97.45.88\u00a0 et\u00a0 00 33 (0) 3.89.72.84.82<\/p>\n<\/div>\n<\/div>\n<\/div>\n<\/div>\n<\/div>\n<div id=\"pgc-14-1-1\" class=\"panel-grid-cell\" data-style=\"{&quot;background_display&quot;:&quot;tile&quot;,&quot;vertical_alignment&quot;:&quot;auto&quot;}\" data-weight=\"0.61361659656872\">\n<div id=\"panel-14-1-1-0\" class=\"so-panel widget widget_sow-editor panel-first-child panel-last-child\" data-index=\"2\" data-style=\"{&quot;background_display&quot;:&quot;tile&quot;}\">\n<div class=\"so-widget-sow-editor so-widget-sow-editor-base\">\n<div class=\"siteorigin-widget-tinymce textwidget\">\n<p><iframe loading=\"lazy\" style=\"border: 0;\" src=\"https:\/\/www.google.com\/maps\/embed?pb=!1m14!1m8!1m3!1d10657.407600992581!2d7.308974!3d48.103447!3m2!1i1024!2i768!4f13.1!3m3!1m2!1s0x0%3A0x2008530c318139a8!2sDomaine+de+l'Envol!5e0!3m2!1sfr!2sfr!4v1474185374037\" width=\"600\" height=\"450\" frameborder=\"0\" allowfullscreen=\"allowfullscreen\"><\/iframe><\/p>\n<\/div>\n<\/div>\n<\/div>\n<\/div>\n<\/div>\n<div id=\"pg-14-2\" class=\"panel-grid panel-no-style\" data-style=\"{&quot;background_display&quot;:&quot;tile&quot;,&quot;cell_alignment&quot;:&quot;flex-start&quot;}\">\n<div id=\"pgc-14-2-0\" class=\"panel-grid-cell\" data-weight=\"1\">\n<div id=\"panel-14-2-0-0\" class=\"so-panel widget widget_sow-editor panel-first-child\" data-index=\"3\" data-style=\"{&quot;background_display&quot;:&quot;tile&quot;}\">\n<div class=\"so-widget-sow-editor so-widget-sow-editor-base\">\n<div class=\"siteorigin-widget-tinymce textwidget\">\n<h2 style=\"text-align: left;\">Formulaire de contact<\/h2>\n<\/div>\n<\/div>\n<\/div>\n<div id=\"panel-14-2-0-1\" class=\"so-panel widget widget_sow-contact-form\" data-index=\"4\" data-style=\"{&quot;background_display&quot;:&quot;tile&quot;}\">\n<div class=\"so-widget-sow-contact-form so-widget-sow-contact-form-default-d4a46db19f04\">\n<h3 class=\"widget-title\">Un petit mot, une requ\u00eate? Dites-nous tout !<\/h3>\n<form id=\"contact-form-0f9e\" class=\"sow-contact-form\" action=\"\/wp-admin\/post.php?post=14&amp;action=edit&amp;meta-box-loader=1&amp;_wpnonce=e84fbbc363&amp;_locale=user#contact-form-0f9e\" method=\"POST\">\n<div class=\"sow-form-field sow-form-field-name\"><label class=\"sow-form-field-label-above\" for=\"sow-contact-form-field-votre-nom-59437d5d30520\"><strong>Votre nom<\/strong><\/label><br \/><span class=\"sow-field-container\"> <input id=\"sow-contact-form-field-votre-nom-59437d5d30520\" class=\"sow-text-field\" name=\"votre-nom-59437d5d30520\" type=\"text\" value=\"\" \/><br \/><\/span><\/div>\n<div class=\"sow-form-field sow-form-field-email\"><label class=\"sow-form-field-label-above\" for=\"sow-contact-form-field-votre-adresse-e-mail-59437d5d30520\"><strong>Votre adresse e-mail<\/strong><\/label><br \/><span class=\"sow-field-container\"> <input id=\"sow-contact-form-field-votre-adresse-e-mail-59437d5d30520\" class=\"sow-text-field\" name=\"votre-adresse-e-mail-59437d5d30520\" type=\"email\" value=\"\" \/><br \/><\/span><\/div>\n<div class=\"sow-form-field sow-form-field-subject\"><label class=\"sow-form-field-label-above\" for=\"sow-contact-form-field-sujet-59437d5d30520\"><strong>Sujet<\/strong><\/label><br \/><span class=\"sow-field-container\"> <input id=\"sow-contact-form-field-sujet-59437d5d30520\" class=\"sow-text-field\" name=\"sujet-59437d5d30520\" type=\"text\" value=\"\" \/><br \/><\/span><\/div>\n<div class=\"sow-form-field sow-form-field-textarea\"><label class=\"sow-form-field-label-above\" for=\"sow-contact-form-field-message-59437d5d30520\"><strong>Message<\/strong><\/label><br \/><span class=\"sow-field-container\"> <textarea id=\"sow-contact-form-field-message-59437d5d30520\" name=\"message-59437d5d30520\" rows=\"10\"><\/textarea><br \/><\/span><\/div>\n<p><input name=\"instance_hash\" type=\"hidden\" value=\"0f9e1aa73ca17711b682c39d47659a28\" \/><\/p>\n<div class=\"sow-recaptcha\" data-config=\"{&quot;sitekey&quot;:&quot;6Leo7IoUAAAAAFFKRqqo_WTa9BdCZAFwRMFishSA&quot;,&quot;theme&quot;:&quot;light&quot;,&quot;type&quot;:&quot;image&quot;,&quot;size&quot;:&quot;normal&quot;}\">\u00a0<\/div>\n<div class=\"sow-submit-wrapper sow-submit-styled\"><input class=\"sow-submit\" type=\"submit\" value=\"Envoyer\" \/><\/div>\n<\/form>\n<\/div>\n<\/div>\n<div id=\"panel-14-2-0-2\" class=\"so-panel widget widget_sow-image panel-last-child\" data-index=\"5\" data-style=\"{&quot;background_display&quot;:&quot;tile&quot;}\">\n<div class=\"so-widget-sow-image so-widget-sow-image-default-eef982a7180b\">\n<div class=\"sow-image-container\"><img loading=\"lazy\" decoding=\"async\" class=\"so-widget-image\" src=\"http:\/\/domainedelenvol.fr\/wp-content\/uploads\/2016\/08\/19243926_1550599324971524_2107214657_o-e1497599348514.jpg\" sizes=\"(max-width: 600px) 100vw, 600px\" alt=\"feuille-vigne-contact\" width=\"600\" height=\"385\" \/><\/div>\n<\/div>\n<\/div>\n<\/div>\n<\/div>\n<\/div>\n<p><!-- wp:paragraph --><\/p>\n<p><!-- \/wp:paragraph --><\/p>\n<p><!-- wp:file \/--><\/p>\n<p><!-- wp:paragraph --><\/p>\n<p><!-- \/wp:paragraph --><\/p>","protected":false},"excerpt":{"rendered":"<p>Coordonn\u00e9es et contact Accueil et d\u00e9gustation Du lundi au vendredi de 8h30 \u00e0 11h45 et de 13h30 \u00e0 18h Le samedi de 10h \u00e0 12h et de 14h00 \u00e0 17h30 Domaine de l&rsquo;Envol Chemin&#46;&#46;&#46;<\/p>\n","protected":false},"author":1,"featured_media":0,"parent":0,"menu_order":0,"comment_status":"closed","ping_status":"closed","template":"","meta":{"footnotes":""},"yoast_head":"<!-- This site is optimized with the Yoast SEO plugin v21.5 - https:\/\/yoast.com\/wordpress\/plugins\/seo\/ -->\n<title>Contact\/Kontakt - Vins Bio d&#039;Alsace - Domaine de l&#039;Envol<\/title>\n<meta name=\"description\" content=\"Vous souhaitez venir d\u00e9guster ou recevoir des informations sur le Domaine de l&#039;Envol ? Contactez-nous par t\u00e9l\u00e9phone ou par le formulaire de contact\" \/>\n<meta name=\"robots\" content=\"index, follow, max-snippet:-1, max-image-preview:large, max-video-preview:-1\" \/>\n<link rel=\"canonical\" href=\"https:\/\/domainedelenvol.fr\/index.php\/contact\/\" \/>\n<meta property=\"og:locale\" content=\"fr_FR\" \/>\n<meta property=\"og:type\" content=\"article\" \/>\n<meta property=\"og:title\" content=\"Contact\/Kontakt - Vins Bio d&#039;Alsace - Domaine de l&#039;Envol\" \/>\n<meta property=\"og:description\" content=\"Vous souhaitez venir d\u00e9guster ou recevoir des informations sur le Domaine de l&#039;Envol ? Contactez-nous par t\u00e9l\u00e9phone ou par le formulaire de contact\" \/>\n<meta property=\"og:url\" content=\"https:\/\/domainedelenvol.fr\/index.php\/contact\/\" \/>\n<meta property=\"og:site_name\" content=\"Domaine De l&#039;Envol - Vins d&#039;Alsace\" \/>\n<meta property=\"article:modified_time\" content=\"2026-04-10T13:40:24+00:00\" \/>\n<meta property=\"og:image\" content=\"http:\/\/domainedelenvol.fr\/wp-content\/uploads\/2016\/08\/19243926_1550599324971524_2107214657_o-e1497599348514.jpg\" \/>\n<meta name=\"twitter:card\" content=\"summary_large_image\" \/>\n<meta name=\"twitter:label1\" content=\"Dur\u00e9e de lecture estim\u00e9e\" \/>\n\t<meta name=\"twitter:data1\" content=\"1 minute\" \/>\n<script type=\"application\/ld+json\" class=\"yoast-schema-graph\">{\"@context\":\"https:\/\/schema.org\",\"@graph\":[{\"@type\":\"WebPage\",\"@id\":\"https:\/\/domainedelenvol.fr\/index.php\/contact\/\",\"url\":\"https:\/\/domainedelenvol.fr\/index.php\/contact\/\",\"name\":\"Contact\/Kontakt - Vins Bio d'Alsace - Domaine de l'Envol\",\"isPartOf\":{\"@id\":\"https:\/\/domainedelenvol.fr\/#website\"},\"datePublished\":\"2016-08-05T15:09:41+00:00\",\"dateModified\":\"2026-04-10T13:40:24+00:00\",\"description\":\"Vous souhaitez venir d\u00e9guster ou recevoir des informations sur le Domaine de l'Envol ? Contactez-nous par t\u00e9l\u00e9phone ou par le formulaire de contact\",\"breadcrumb\":{\"@id\":\"https:\/\/domainedelenvol.fr\/index.php\/contact\/#breadcrumb\"},\"inLanguage\":\"fr-FR\",\"potentialAction\":[{\"@type\":\"ReadAction\",\"target\":[\"https:\/\/domainedelenvol.fr\/index.php\/contact\/\"]}]},{\"@type\":\"BreadcrumbList\",\"@id\":\"https:\/\/domainedelenvol.fr\/index.php\/contact\/#breadcrumb\",\"itemListElement\":[{\"@type\":\"ListItem\",\"position\":1,\"name\":\"Accueil\",\"item\":\"https:\/\/domainedelenvol.fr\/\"},{\"@type\":\"ListItem\",\"position\":2,\"name\":\"Nous contacter\"}]},{\"@type\":\"WebSite\",\"@id\":\"https:\/\/domainedelenvol.fr\/#website\",\"url\":\"https:\/\/domainedelenvol.fr\/\",\"name\":\"Domaine De l&#039;Envol - Vins d&#039;Alsace\",\"description\":\"\",\"publisher\":{\"@id\":\"https:\/\/domainedelenvol.fr\/#organization\"},\"potentialAction\":[{\"@type\":\"SearchAction\",\"target\":{\"@type\":\"EntryPoint\",\"urlTemplate\":\"https:\/\/domainedelenvol.fr\/?s={search_term_string}\"},\"query-input\":\"required name=search_term_string\"}],\"inLanguage\":\"fr-FR\"},{\"@type\":\"Organization\",\"@id\":\"https:\/\/domainedelenvol.fr\/#organization\",\"name\":\"Domaine de l'Envol\",\"url\":\"https:\/\/domainedelenvol.fr\/\",\"logo\":{\"@type\":\"ImageObject\",\"inLanguage\":\"fr-FR\",\"@id\":\"https:\/\/domainedelenvol.fr\/#\/schema\/logo\/image\/\",\"url\":\"https:\/\/domainedelenvol.fr\/wp-content\/uploads\/2017\/04\/cropped-Domaine-de-lEnvol-logo-2.png\",\"contentUrl\":\"https:\/\/domainedelenvol.fr\/wp-content\/uploads\/2017\/04\/cropped-Domaine-de-lEnvol-logo-2.png\",\"width\":1450,\"height\":864,\"caption\":\"Domaine de l'Envol\"},\"image\":{\"@id\":\"https:\/\/domainedelenvol.fr\/#\/schema\/logo\/image\/\"}}]}<\/script>\n<!-- \/ Yoast SEO plugin. -->","yoast_head_json":{"title":"Contact\/Kontakt - Vins Bio d'Alsace - Domaine de l'Envol","description":"Vous souhaitez venir d\u00e9guster ou recevoir des informations sur le Domaine de l'Envol ? Contactez-nous par t\u00e9l\u00e9phone ou par le formulaire de contact","robots":{"index":"index","follow":"follow","max-snippet":"max-snippet:-1","max-image-preview":"max-image-preview:large","max-video-preview":"max-video-preview:-1"},"canonical":"https:\/\/domainedelenvol.fr\/index.php\/contact\/","og_locale":"fr_FR","og_type":"article","og_title":"Contact\/Kontakt - Vins Bio d'Alsace - Domaine de l'Envol","og_description":"Vous souhaitez venir d\u00e9guster ou recevoir des informations sur le Domaine de l'Envol ? Contactez-nous par t\u00e9l\u00e9phone ou par le formulaire de contact","og_url":"https:\/\/domainedelenvol.fr\/index.php\/contact\/","og_site_name":"Domaine De l&#039;Envol - Vins d&#039;Alsace","article_modified_time":"2026-04-10T13:40:24+00:00","og_image":[{"url":"http:\/\/domainedelenvol.fr\/wp-content\/uploads\/2016\/08\/19243926_1550599324971524_2107214657_o-e1497599348514.jpg"}],"twitter_card":"summary_large_image","twitter_misc":{"Dur\u00e9e de lecture estim\u00e9e":"1 minute"},"schema":{"@context":"https:\/\/schema.org","@graph":[{"@type":"WebPage","@id":"https:\/\/domainedelenvol.fr\/index.php\/contact\/","url":"https:\/\/domainedelenvol.fr\/index.php\/contact\/","name":"Contact\/Kontakt - Vins Bio d'Alsace - Domaine de l'Envol","isPartOf":{"@id":"https:\/\/domainedelenvol.fr\/#website"},"datePublished":"2016-08-05T15:09:41+00:00","dateModified":"2026-04-10T13:40:24+00:00","description":"Vous souhaitez venir d\u00e9guster ou recevoir des informations sur le Domaine de l'Envol ? Contactez-nous par t\u00e9l\u00e9phone ou par le formulaire de contact","breadcrumb":{"@id":"https:\/\/domainedelenvol.fr\/index.php\/contact\/#breadcrumb"},"inLanguage":"fr-FR","potentialAction":[{"@type":"ReadAction","target":["https:\/\/domainedelenvol.fr\/index.php\/contact\/"]}]},{"@type":"BreadcrumbList","@id":"https:\/\/domainedelenvol.fr\/index.php\/contact\/#breadcrumb","itemListElement":[{"@type":"ListItem","position":1,"name":"Accueil","item":"https:\/\/domainedelenvol.fr\/"},{"@type":"ListItem","position":2,"name":"Nous contacter"}]},{"@type":"WebSite","@id":"https:\/\/domainedelenvol.fr\/#website","url":"https:\/\/domainedelenvol.fr\/","name":"Domaine De l&#039;Envol - Vins d&#039;Alsace","description":"","publisher":{"@id":"https:\/\/domainedelenvol.fr\/#organization"},"potentialAction":[{"@type":"SearchAction","target":{"@type":"EntryPoint","urlTemplate":"https:\/\/domainedelenvol.fr\/?s={search_term_string}"},"query-input":"required name=search_term_string"}],"inLanguage":"fr-FR"},{"@type":"Organization","@id":"https:\/\/domainedelenvol.fr\/#organization","name":"Domaine de l'Envol","url":"https:\/\/domainedelenvol.fr\/","logo":{"@type":"ImageObject","inLanguage":"fr-FR","@id":"https:\/\/domainedelenvol.fr\/#\/schema\/logo\/image\/","url":"https:\/\/domainedelenvol.fr\/wp-content\/uploads\/2017\/04\/cropped-Domaine-de-lEnvol-logo-2.png","contentUrl":"https:\/\/domainedelenvol.fr\/wp-content\/uploads\/2017\/04\/cropped-Domaine-de-lEnvol-logo-2.png","width":1450,"height":864,"caption":"Domaine de l'Envol"},"image":{"@id":"https:\/\/domainedelenvol.fr\/#\/schema\/logo\/image\/"}}]}},"_links":{"self":[{"href":"https:\/\/domainedelenvol.fr\/index.php\/wp-json\/wp\/v2\/pages\/14"}],"collection":[{"href":"https:\/\/domainedelenvol.fr\/index.php\/wp-json\/wp\/v2\/pages"}],"about":[{"href":"https:\/\/domainedelenvol.fr\/index.php\/wp-json\/wp\/v2\/types\/page"}],"author":[{"embeddable":true,"href":"https:\/\/domainedelenvol.fr\/index.php\/wp-json\/wp\/v2\/users\/1"}],"replies":[{"embeddable":true,"href":"https:\/\/domainedelenvol.fr\/index.php\/wp-json\/wp\/v2\/comments?post=14"}],"version-history":[{"count":193,"href":"https:\/\/domainedelenvol.fr\/index.php\/wp-json\/wp\/v2\/pages\/14\/revisions"}],"predecessor-version":[{"id":2318,"href":"https:\/\/domainedelenvol.fr\/index.php\/wp-json\/wp\/v2\/pages\/14\/revisions\/2318"}],"wp:attachment":[{"href":"https:\/\/domainedelenvol.fr\/index.php\/wp-json\/wp\/v2\/media?parent=14"}],"curies":[{"name":"wp","href":"https:\/\/api.w.org\/{rel}","templated":true}]}}